*o = -12 - 4. Let h(f) = 15*f + 2. Let b be h(2). Calculate the highest common divisor of o and b.
4
Let u be ((-24)/9)/(4/(-120)). What is the highest common divisor of 20 and u?
20
Suppose t + 1 = 8. Suppose -a + 88 = -t. Calculate the greatest common divisor of a and 38.
19
Suppose -15 = -2*x + 4*u + 49, 4 = -2*u. What is the highest common factor of x and 308?
28
Let j = -6 - -14. Let g be j*1 + (-6)/(-3). Calculate the highest common divisor of g and 80.
10
Let j(r) = r**3 - 5*r**2 + 6*r - 4. Let s be j(4). Let g be 6 + 5 - 3*1. Suppose g = 2*w - 16. Calculate the greatest common divisor of s and w.
4
Suppose -2*q - 3*z - 2*z = -22, 0 = 2*q - z - 34. What is the greatest common divisor of 8 and q?
8
Let g be ((-3)/1)/(1/(-3)). Let a = -21 + 37. Suppose -o + m = -2*m - 9, -4*o + 2*m + a = 0. What is the highest common factor of g and o?
3
Let g(k) = -k**3 + 7*k**2 - 4*k - 4. Let j be g(6). Suppose j = r - 36. Let c(b) = 6*b - 1. Let v be c(2). Calculate the greatest common divisor of r and v.
11
Let f be (-23)/(0/(-1) - 1). Suppose s - 2*l - f = 2, 3*s - 67 = 4*l. What is the greatest common divisor of s and 68?
17
Let a(y) = y. Let u(l) = 7*l - 3. Let x(t) = 6*a(t) + u(t). Let n be x(3). What is the highest common divisor of 90 and n?
18
Suppose -11*o + 130 = -299. What is the highest common divisor of 429 and o?
39
Let z(b) = 2*b**2 + 2*b + 1. Let s be z(-1). Let f be -1 + 3 + 1 + -2. Suppose -2*q + 7 = -f. What is the greatest common factor of q and s?
1
Let z = 1 + 3. Suppose a = 9 - z. What is the greatest common factor of a and 2?
1
Let p(u) = u**3 + 3*u**2 - 2*u - 4. Let l be p(-3). Suppose 1 + 5 = l*f. Let d(v) = 3*v - 9. Let q be d(6). Calculate the highest common divisor of f and q.
3
Let s(x) = -x**3 - 6*x**2 + 7*x + 3. Let y be s(-7). Suppose y*t - 1 - 44 = -4*a, 1 = -t. Calculate the highest common factor of 48 and a.
12
Let u(k) = k**3 - 9*k**2 + 7*k + 8. Let m be u(8). Suppose m*h + 4*b + 76 = -4*h, 8 = -2*h + 4*b. Let c = 1 - h. What is the greatest common factor of c and 60?
15
Let x be 28 + -1 + 3 + 0. What is the highest common factor of x and 12?
6
Let c(a) = -a + 9. Let b be c(5). Suppose -2*m = -4*p - 3 - 7, 10 = 3*m - p. Suppose -s = m*s - 24. What is the greatest common divisor of b and s?
2
Suppose -5*s + 3*n = -45, -5*s + 0*n = 4*n - 80. Calculate the highest common divisor of 3 and s.
3
Let d(n) = 2*n**3 + 12*n**2 - 4*n - 3. Let z be (-3)/(-15) + (-62)/10. Let h be d(z). Calculate the highest common divisor of h and 7.
7
Let a(m) = m**2 - 6*m + 11. Let h be a(5). Calculate the highest common divisor of h and 30.
6
Suppose 3*x + 2 = -1. Let u be x*((-27)/3 - 0). What is the highest common factor of 45 and u?
9
Let v = -172 - -288. Calculate the highest common factor of 29 and v.
29
Let y be -1 + 1 + 4*6. Suppose -3*i = 4*x - 71, -2*i + 4*x + 17 + 17 = 0. Suppose -2*r + i = 5. What is the highest common divisor of r and y?
8
Let g = 1 - 1. Suppose -t = -349 - 71. Suppose 0 = -5*w - g*w + t. Calculate the highest common divisor of w and 12.
12
Let q = -2 + 50. Let w(l) = -4*l - 8. Let i = 0 - 6. Let t be w(i). Calculate the highest common divisor of t and q.
16
Suppose 0 = x - 0*x - 28. Let a = -14 + x. What is the highest common divisor of 2 and a?
2
Let u(f) = f**2 + 9*f - 8. Let i be u(-10). Suppose -3*b = i*b - 30. Let j = 51 - 21. What is the highest common factor of b and j?
6
Let j(k) = k**2 + 4*k + 1. Let b be j(-4). Let g(u) = -7*u - 1. Let q be g(b). Let s be 18/(-21)*(1 + q). Calculate the highest common factor of 6 and s.
6
Let d(l) = -l**3 + 9*l**2 - 10*l + 17. Let n be d(8). Suppose 5 = -5*z - 5*q, 3*z = 6*z - 5*q - 13. Calculate the greatest common factor of z and n.
1
Suppose -3*t = t. Suppose 0 = -t*k - k + 8. What is the greatest common divisor of k and 1?
1
Let c(d) be the first derivative of 10*d**3/3 - d - 7. Let k be c(-1). What is the highest common divisor of 45 and k?
9
Suppose -5*p + 15 = -50. What is the greatest common factor of p and 52?
13
Let n(o) = -6*o**2 + o - 1. Let r be n(-2). Let d be (-8)/(-36) + (-2073)/r. What is the greatest common divisor of 11 and d?
11
Let l(y) = y + 6. Let z be l(8). What is the greatest common divisor of z and 2?
2
Let g = 80 - 65. What is the highest common divisor of 30 and g?
15
Let y = 117 + 9. What is the greatest common factor of 18 and y?
18
Suppose 5*j = 4*c + 29, 0*j = -3*c - j - 17. Let s(m) = -3*m - 4. Let o be s(c). What is the highest common factor of 2 and o?
2
Let u(j) = -j + 10*j**2 - 2*j - 5*j**2 + j. Let t be u(2). Let o = 12 - -68. What is the greatest common divisor of t and o?
16
Suppose -4*s + 249 = 25. Calculate the highest common factor of 7 and s.
7
Suppose 5*y + 30 = -2*o - 2*o, o = 5. Let h be (12/y)/((-18)/240). Suppose -3*f + h = -2. What is the greatest common factor of 54 and f?
6
Let m(j) = j**2 + 3*j + 2. Let h be m(-3). Let f be h/7 - 132/21. Let v = f - -76. What is the highest common divisor of v and 10?
10
Let a(c) = 14*c**3 + c**2 - 1. Let o be a(-2). Let t = -49 - o. Let w = -29 - -44. What is the greatest common divisor of t and w?
15
Suppose s - 29 - 17 = -2*t, 5*s + 82 = 3*t. Suppose 0*r - 36 = -r. What is the highest common factor of r and t?
12
Let t = 90 - 75. Let x = 75 + 0. Calculate the highest common divisor of x and t.
15
Let x(c) = -c**2 - 11*c - 17. Let d be x(-7). What is the greatest common divisor of 1 and d?
1
Let f be 3/(-4) + (-5)/(120/(-1362)). Calculate the greatest common factor of 14 and f.
14
Suppose 3 = s + 1. Let x = 324 + -302. Calculate the greatest common factor of s and x.
2
Suppose -16*i + 14*i + w + 10 = 0, w - 2 = 0. Suppose -7*a = -2*a - 15. Calculate the greatest common factor of a and i.
3
Suppose -2*v - 5*c = v + 125, 3*v + 123 = -3*c. Let i = -72 - v. Let d be 22/(i/18 + 2). Calculate the greatest common factor of d and 11.
11
Suppose -1925 = 5*i - 16*i. Calculate the greatest common factor of i and 70.
35
Suppose -826 = -4*k - 58. Let c(b) = b**2 - 1. Let w be c(-5). What is the highest common factor of k and w?
24
Let a(h) = -15*h + 13. Let n be a(-5). Calculate the highest common factor of n and 11.
11
Let f be -1 - (114/(-2))/1. Let s be 6*(3 + (-14)/6). Suppose -s*c = 2*d - 30, 2*c + 4*d - 6 = 6. Calculate the highest common factor of f and c.
8
Let o(u) = 19*u + 16. Let r be o(2). Calculate the highest common factor of 90 and r.
18
Suppose -8*o = 22 - 1102. What is the greatest common divisor of 27 and o?
27
Suppose -14 - 34 = -2*h. What is the greatest common factor of h and 3?
3
Suppose -5*d - 615 = -5*k, 5*k - 3*d = 858 - 237. What is the highest common divisor of 14 and k?
14
Let p = -11 + 75. Let l be 42/4 + (-2)/4. Suppose -22 = -4*o + l. What is the greatest common divisor of p and o?
8
Let m be 1 + -1 + 3 + 31. Suppose -158 - m = -2*n. What is the highest common divisor of 24 and n?
24
Suppose -4*j = 4 - 8. Let o(g) = 1 + g**2 + 0*g + 3*g - 4*g. Let b be o(3). Calculate the highest common factor of b and j.
1
Let r(b) = b**3 - b**2 - 5*b + 6. Let d be r(3). Calculate the greatest common divisor of 27 and d.
9
Let d(k) = k**3 + 8*k**2 - 10*k + 1. Let o be d(-9). What is the greatest common factor of 40 and o?
10
Let h be (-330)/(-3) - (3 - 5). What is the greatest common factor of h and 14?
14
Suppose 0 = -4*g + 3*w + 372, -3*g = -4*w - w - 290. What is the greatest common divisor of 10 and g?
10
Suppose -5*l + 0*l = -275. Suppose 0*x - 110 = -5*x + c, 0 = 3*x - 2*c - 66. Calculate the highest common divisor of x and l.
11
Suppose 2 = z - 1. Suppose z*p = -p + 4. Let c be p/(-2) + (-58)/(-4). Calculate the highest common factor of 98 and c.
14
Suppose -s + 0*s + 2*p + 18 = 0, 0 = 3*s - 2*p - 42. Suppose 0 = 2*n - 76 - 44. Suppose -4*z + n = z. Calculate the greatest common divisor of z and s.
12
Suppose 4 = c - 0*c. Suppose -c*s = k - 64, k + 3*k - 200 = -2*s. What is the greatest common factor of k and 24?
24
Let o be (-1)/1*-169 + -3 + 2. What is the greatest common factor of 112 and o?
56
Suppose n - 50 = -5*f, 4*f - 20 = 2*f + 4*n. Suppose -2*y + 26 = -f. What is the greatest common factor of y and 12?
6
Let h be 1/(-1 + 6/5). Suppose -2*b + 4*b = 5*a + 71, -4*a - 135 = -h*b. What is the greatest common divisor of 23 and b?
23
Let a = 23 - -15. Let t = -28 